)*t/1?
79
Suppose 9*t = 5*t + 20. Suppose 7*f - 3*f = 3*c - 284, 0 = t*c + 3*f - 483. List the prime factors of c.
2, 3
Suppose -4*n = 4*x + 2 - 6, -4*n + 4 = 2*x. What are the prime factors of -4 + 20 - 4 - n?
11
Let a(l) = l**2 + 4*l - 8. Let b be a(-12). Let j = b - 26. List the prime factors of j.
2, 31
Suppose 9*i - 435 = 6*i. Suppose -4*h - 9 = -i. What are the prime factors of h?
2, 17
Suppose 0 = -1986*b + 1990*b - 3732. What are the prime factors of b?
3, 311
Let n be 344/(-5 - (-5 - -1)). Let y = n + 483. List the prime factors of y.
139
Let j be 4/6*4*9. Suppose -p - 4*z = -23 - j, z = -4*p + 203. List the prime factors of p.
3, 17
Suppose 0 = -g - 4*g + 20. Suppose -5*x - 14 = 3*z, -g*z - x = -4 - 0. List the prime factors of z.
2
Let i be (-30)/(-4)*24/(-12). Let p be 9/6 + i/(-6). Suppose -70 = -2*x + p*v, -2*x - 3*x = 2*v - 151. List the prime factors of x.
31
Let h(j) = 9*j + 3. Let y be h(-5). What are the prime factors of y/4*22/(-3)?
7, 11
Let o be 1/5 - (-444)/(-20). Let x(g) = -g**3 + 7*g**2 + 5*g + 9. Let s be x(7). Let i = o + s. What are the prime factors of i?
2, 11
Let d be (-65)/8 + (-9)/(-72). Let o be 31/(-11) + d/44. What are the prime factors of (1 - -32) + -4 - o?
2
Suppose 0 = -3*n + 18*j - 19*j + 1085, 0 = 2*n + 5*j - 745. List the prime factors of n.
2, 3, 5
Suppose 559 = 2*b + 183. Suppose 3*c - 148 = -5*v, -6*c = -2*c + 2*v - b. What are the prime factors of c?
2, 23
Let o(f) = -27 + 34 + 0*f - 2*f. Let x be o(-6). Let j = -7 + x. What are the prime factors of j?
2, 3
Let f be (-10)/(-3) + (6 - (-19)/(-3)). Suppose -f*u = -5*m + 506, 302 = -2*m + 5*m - u. List the prime factors of m.
2, 5
Let j(u) = -4*u**2 + 109*u - 7. What are the prime factors of j(13)?
2, 367
Suppose -k = 2*h - 134, 4*k - h - 405 = 149. List the prime factors of k.
2, 3, 23
Let s = 17 - 21. Let w = s + 31. List the prime factors of w.
3
Suppose 5*x - 3*w = -0*w + 1334, -2*x + 524 = 2*w. List the prime factors of x.
5, 53
Let b be ((-1)/(-4))/((-7)/(-56)). Let n = b - 1. List the prime factors of 3 + -2 - (n + -3).
3
Let l = 90 - 64. Suppose -2*z - 3*k - 10 = k, -2*z = -5*k - l. Let q(f) = f**3 + 2*f**2 + 6*f - 5. List the prime factors of q(z).
2, 29
Suppose -6*q + 2*q = -216. Suppose -o - 58 = -2*l + 56, -o = l - q. List the prime factors of l.
2, 7
Let a(q) = 8*q**2 - 27*q - 129. List the prime factors of a(-22).
4337
Suppose 3*k = -k + 12. Suppose 3*b = q + 43, -q = k*b + q - 49. Suppose -b - 5 = -2*u - 4*o, 5*o - 18 = u. List the prime factors of u.
2
Let m = -21 + 40. Let l be (-1)/((-2)/(-4)*2). Let n = l + m. What are the prime factors of n?
2, 3
What are the prime factors of 1 - -812*(10/(-2))/(-5)?
3, 271
Let r(y) be the second derivative of -y**5/20 + 2*y**4/3 - 5*y**3/6 + 4*y**2 - y. What are the prime factors of r(6)?
2, 5
Suppose 6*c = c. Suppose 8*y - 15*y + 273 = c. What are the prime factors of y?
3, 13
Let o = -32 + 61. List the prime factors of o.
29
Let w(c) = -c**3 - 19*c**2 - 18*c - 27. Let r be w(-18). What are the prime factors of 3*-33*15/r?
5, 11
Let t(k) = -7*k - 7. Let c be t(-9). Suppose 0 = 3*n - c - 10. What are the prime factors of n?
2, 11
Suppose 3*c + 4342 = -12*u + 17*u, c - 1 = 0. List the prime factors of u.
11, 79
Let v(k) be the second derivative of 2*k**3 - 27*k**2/2 - 19*k. List the prime factors of v(12).
3, 13
List the prime factors of 2 + 6 + 3 + -5 + 672.
2, 3, 113
Let i(w) = -w**3 - 7*w**2 - 8*w - 4. Let k be i(-7). Let j = k - 10. What are the prime factors of j?
2, 3, 7
Let m(u) = u**3 - u**2 + 5*u + 352. Let n be m(0). Let p = n + -200. What are the prime factors of p?
2, 19
Let r(d) = -24*d + 708. What are the prime factors of r(-25)?
2, 3, 109
Let f be 0 - (-1 - (19 - 2)). Suppose s = 4*s - f. What are the prime factors of s?
2, 3
Suppose 0 = 2*k - 5*g + g - 1948, g - 1943 = -2*k. List the prime factors of k.
2, 3
Suppose 61*y + 14245 - 152898 = 0. List the prime factors of y.
2273
Let f(i) = -427*i - 122. What are the prime factors of f(-5)?
3, 11, 61
Let n = -22 + 21. Let l be n/((4/(-6))/(-2)). Let f = 6 + l. What are the prime factors of f?
3
Let l(i) = 269*i**3 + i - 2. What are the prime factors of l(1)?
2, 67
Suppose -30 = 5*n - v - 0*v, -4*v - 13 = -n. Let p(t) = t**2 + 9*t + 22. List the prime factors of p(n).
2
Suppose 11645 = 25*q - 8*q. What are the prime factors of q?
5, 137
Let h(o) = -21*o - 10. Let t(i) = 2*i + 14. Let l be t(-10). Let g be h(l). Suppose 7*r - 11*r + g = 0. What are the prime factors of r?
29
Let a(s) = 3*s**2 + 5*s + 4. Let c be a(-3). List the prime factors of 438/4 + (7 - -1)/c.
2, 5, 11
Suppose 6*v - 17 = -5. Suppose -v - 4 = -2*m. What are the prime factors of (-1)/(-3) + 56/m?
19
Let b(o) = 3*o + 2. Let v be b(7). Let a = 27 - v. Suppose 0 = 2*j - a*j + 118. What are the prime factors of j?
59
Let w(l) be the first derivative of 23*l**3/3 + l - 1. Suppose -n + c + 26 = 6*c, -5*n + 2*c = 5. List the prime factors of w(n).
2, 3
Suppose 3*m - 4393 = -y, -2*m - 17530 = -18*y + 14*y. List the prime factors of y.
2, 137
List the prime factors of 2*(-3)/(-15)*(-1645)/(-2).
7, 47
Let p be 17/17 - (-2 + (3 - 0)). Suppose r + 4 - 23 = p. What are the prime factors of r?
19
Let w = -1010 + 1521. Suppose 7*l = -0*l + w. List the prime factors of l.
73
Let o(s) = s**3 - s**2 + s - 2. Let h be o(0). What are the prime factors of 3*h*4/(-6)?
2
Let v(i) = i**2 + 5*i - 31. Let o be v(-9). Suppose -r - 26 = g - 127, -o*r + 4*g = -550. What are the prime factors of r?
2, 53
Let z(b) be the third derivative of b**5/30 + b**4/4 - b**3 + 7*b**2. What are the prime factors of z(-6)?
2, 3, 5
Let y(p) = p**2 - 7*p - 117. Let r be y(15). Suppose -3*i - 51 - 319 = -4*z, 3*z - 5*i = 272. Suppose -r*g = -g - z. What are the prime factors of g?
47
Let q = 4638 - 1948. List the prime factors of q.
2, 5, 269
Suppose -592*v + 132 = -589*v. List the prime factors of v.
2, 11
Suppose -133 = -y - y - v, -195 = -3*y + 3*v. Let l = y - 37. List the prime factors of l.
29
Suppose 0 = -32*m + 38*m - 1446. List the prime factors of m.
241
Suppose 4*t = -c - 12, 5*t = -3*c + 3*t - 16. Let z(o) = o**3 - 5*o**2 + 5*o - 5. Let k be z(4). List the prime factors of (-203)/(-28) - k/c.
7
Let w(x) = -x + 1. Let p(j) = 5*j + 30. Let c(a) = p(a) - 2*w(a). List the prime factors of c(6).
2, 5, 7
Suppose 5*h = 2*h - 2*c + 10, 12 = 4*h + 4*c. Suppose 0 = 3*x + h*x - 224. List the prime factors of x.
2
Suppose 0 = -4*c + 11*c - 14. What are the prime factors of -1*c*1300/(-40)?
5, 13
Let j(v) be the second derivative of v**4/12 + 5*v**3/3 + 21*v**2/2 - 33*v. List the prime factors of j(9).
2, 3
Let k(h) be the third derivative of h**5/12 - h**4/12 + h**3/6 + 5*h**2. Let c be (-1 - -2)*-1*-2. What are the prime factors of k(c)?
17
Let d = 68 - 118. Let r = -43 - d. What are the prime factors of r?
7
Suppose 0 = -2*v + 2*o + 20, 78 = 5*v + 2*o. Let z(l) = l**2 - 13*l - 15. Let r be z(v). What are the prime factors of (2 - r) + 28/2?
17
Let a = -57 - -82. Suppose u - 2*k - a - 12 = 0, 2*u = -3*k + 67. List the prime factors of u.
5, 7
Let k = -484 + 644. List the prime factors of k.
2, 5
Suppose 5*y + 15*s - 10*s - 1800 = 0, -3*y = -4*s - 1094. List the prime factors of y.
2, 181
Let f(o) be the first derivative of 0*o**2 + 13*o - 1/3*o**3 - 2. What are the prime factors of f(0)?
13
Suppose -z - 4*z + 627 = 2*o, 0 = -2*z + 2. List the prime factors of o.
311
Let a be (-3)/2 - 459/(-18). Suppose -2*q - a = -120. List the prime factors of q.
2, 3
Suppose 4*j - 4*f + 3 = 31, -2*j = 2*f - 6. Suppose p + j*s + 8 = 57, -4*p = 3*s - 162. What are the prime factors of p?
3, 13
Let u = 2408 - -1435. List the prime factors of u.
3, 7, 61
Suppose -5*q + 3*q = -2*w + 138, -3*q = -4*w + 279. Let m be w/(-16)*20/(-6). Let g = 46 - m. List the prime factors of g.
31
Let s(j) = 52*j**2 + j + 2. Let x be s(-2). Let v = x + -110. What are the prime factors of v?
2, 7
Let o = 1 - 1. Suppose o*c = -9*c + 27. Suppose c*t + 88 = 253. What are the prime factors of t?
5, 11
Let j = 44 - 39. Suppose j*z - 6 = 114. What are the prime factors of z?
2, 3
Let f(l) = -l**2 - 12*l - 20. Let b be f(-10). Suppose -2*g + b*g + 264 = 0. What are the prime factors of g?
2, 3, 11
Let k = 31 + 108. List the prime factors of k.
139
Let g 